{"id":371,"date":"2015-12-23T00:35:30","date_gmt":"2015-12-22T22:35:30","guid":{"rendered":"http:\/\/www.tischlerwirt.ski-radegund.at\/?page_id=371"},"modified":"2026-04-30T09:07:14","modified_gmt":"2026-04-30T07:07:14","slug":"home-2","status":"publish","type":"page","link":"http:\/\/www.bike.ski-radegund.at\/","title":{"rendered":""},"content":{"rendered":"<div class=\"inhalt\">\n<div id=\"c7\" class=\"csc-default\">\n<div class=\"csc-header csc-header-n1\">\n<h1 class=\"csc-firstHeader\">Willkommen<\/h1>\n<\/div>\n<\/div>\n<\/div>\n<div class=\"inhalt\">\n<div id=\"c47\" class=\"csc-default\">\n<div class=\"csc-textpic-text\">\n<p class=\"bodytext\">auf der Homepage von <a href=\"http:\/\/bike.ski-radegund.at\/\" target=\"_blank\" rel=\"noopener noreferrer\">bike.ski-radegund.at<\/a><\/p>\n<p>30.04.2026<\/p>\n<p>vorl\u00e4ufige<a href=\"http:\/\/www.bike.ski-radegund.at\/wp-content\/uploads\/2026\/04\/Anmeldung-Stand-30_04.pdf\" target=\"_blank\" rel=\"noopener\"> Anmeldeliste<\/a> ist online<\/p>\n<\/div>\n<p>22.03.2026<\/p>\n<p><a href=\"https:\/\/forms.gle\/VdWdMYhvpyMQuevu9\" target=\"_blank\" rel=\"noopener\">zur Anmeldung Pump the Village 2026<\/a><\/p>\n<div class=\"csc-textpic-text\">\n<p>13.03.2026<\/p>\n<p><a href=\"http:\/\/www.bike.ski-radegund.at\/wp-content\/uploads\/2026\/03\/Ausschreibung-Pumptrackrennen-OOe-Meisterschaft-2026.pdf\" target=\"_blank\" rel=\"noopener\">Ausschreibung Pump the Village 2026<\/a> ist online<\/p>\n<p><a href=\"http:\/\/www.bike.ski-radegund.at\/wp-content\/uploads\/2026\/03\/Flyer_2026.jpg\"><img loading=\"lazy\" decoding=\"async\" class=\"alignnone size-medium wp-image-723\" src=\"http:\/\/www.bike.ski-radegund.at\/wp-content\/uploads\/2026\/03\/Flyer_2026-300x300.jpg\" alt=\"\" width=\"300\" height=\"300\" srcset=\"http:\/\/www.bike.ski-radegund.at\/wp-content\/uploads\/2026\/03\/Flyer_2026-300x300.jpg 300w, http:\/\/www.bike.ski-radegund.at\/wp-content\/uploads\/2026\/03\/Flyer_2026-1024x1024.jpg 1024w, http:\/\/www.bike.ski-radegund.at\/wp-content\/uploads\/2026\/03\/Flyer_2026-150x150.jpg 150w, http:\/\/www.bike.ski-radegund.at\/wp-content\/uploads\/2026\/03\/Flyer_2026-768x767.jpg 768w, http:\/\/www.bike.ski-radegund.at\/wp-content\/uploads\/2026\/03\/Flyer_2026-100x100.jpg 100w, http:\/\/www.bike.ski-radegund.at\/wp-content\/uploads\/2026\/03\/Flyer_2026.jpg 1080w\" sizes=\"auto, (max-width: 300px) 100vw, 300px\" \/><\/a><\/p>\n<p>06.05.2025<\/p>\n<p><a href=\"http:\/\/www.bike.ski-radegund.at\/wp-content\/uploads\/2025\/05\/Ergebnissliste-Pump-the-Village-2025.pdf\" target=\"_blank\" rel=\"noopener\">Ergebnisliste Pump the Village 2025<\/a> ist online<\/p>\n<p>30.04.2025<\/p>\n<p><a href=\"http:\/\/www.bike.ski-radegund.at\/wp-content\/uploads\/2025\/04\/Startliste-30.04.pdf\" target=\"_blank\" rel=\"noopener\">vorl\u00e4ufige Startliste<\/a> ist online<\/p>\n<p>17.03.2025<\/p>\n<p>Save the Date! Der Termin f\u00fcrs<a href=\"http:\/\/www.bike.ski-radegund.at\/?page_id=664\"> Pumptrackrennen 2025<\/a> ist jetzt fixiert.<\/p>\n<p><a href=\"http:\/\/www.bike.ski-radegund.at\/wp-content\/uploads\/2025\/03\/Pumptrack-2025.png\"><img loading=\"lazy\" decoding=\"async\" class=\"aligncenter size-full wp-image-660\" src=\"http:\/\/www.bike.ski-radegund.at\/wp-content\/uploads\/2025\/03\/Pumptrack-2025.png\" alt=\"\" width=\"2480\" height=\"3508\" srcset=\"http:\/\/www.bike.ski-radegund.at\/wp-content\/uploads\/2025\/03\/Pumptrack-2025.png 2480w, http:\/\/www.bike.ski-radegund.at\/wp-content\/uploads\/2025\/03\/Pumptrack-2025-212x300.png 212w, http:\/\/www.bike.ski-radegund.at\/wp-content\/uploads\/2025\/03\/Pumptrack-2025-724x1024.png 724w, http:\/\/www.bike.ski-radegund.at\/wp-content\/uploads\/2025\/03\/Pumptrack-2025-768x1086.png 768w, http:\/\/www.bike.ski-radegund.at\/wp-content\/uploads\/2025\/03\/Pumptrack-2025-1086x1536.png 1086w, http:\/\/www.bike.ski-radegund.at\/wp-content\/uploads\/2025\/03\/Pumptrack-2025-1448x2048.png 1448w\" sizes=\"auto, (max-width: 767px) 89vw, (max-width: 1000px) 54vw, (max-width: 1071px) 543px, 580px\" \/><\/a><\/p>\n<p>02.07.2024<\/p>\n<p>Ergebnisse Pump the Village 2024 sind jetzt online.<\/p>\n<p><a href=\"http:\/\/www.bike.ski-radegund.at\/?page_id=649\">Ergebnisse 2024<\/a><\/p>\n<p>25.06.2024<\/p>\n<p>Vorbereitungen f\u00fcr das Pump the Village III laufen. Es sind bereits <strong>106 Starter<\/strong> gemeldet.<\/p>\n<p><a href=\"http:\/\/www.bike.ski-radegund.at\/wp-content\/uploads\/2024\/06\/Startliste-25062024.pdf\">vorl\u00e4ufige Startliste<\/a><\/p>\n<p>15.04.2024<\/p>\n<p><a href=\"http:\/\/www.bike.ski-radegund.at\/wp-content\/uploads\/2024\/04\/IMG-20240415-WA0005.jpg\"><img loading=\"lazy\" decoding=\"async\" class=\"aligncenter size-full wp-image-616\" src=\"http:\/\/www.bike.ski-radegund.at\/wp-content\/uploads\/2024\/04\/IMG-20240415-WA0005.jpg\" alt=\"\" width=\"1131\" height=\"1600\" srcset=\"http:\/\/www.bike.ski-radegund.at\/wp-content\/uploads\/2024\/04\/IMG-20240415-WA0005.jpg 1131w, http:\/\/www.bike.ski-radegund.at\/wp-content\/uploads\/2024\/04\/IMG-20240415-WA0005-212x300.jpg 212w, http:\/\/www.bike.ski-radegund.at\/wp-content\/uploads\/2024\/04\/IMG-20240415-WA0005-724x1024.jpg 724w, http:\/\/www.bike.ski-radegund.at\/wp-content\/uploads\/2024\/04\/IMG-20240415-WA0005-768x1086.jpg 768w, http:\/\/www.bike.ski-radegund.at\/wp-content\/uploads\/2024\/04\/IMG-20240415-WA0005-1086x1536.jpg 1086w\" sizes=\"auto, (max-width: 767px) 89vw, (max-width: 1000px) 54vw, (max-width: 1071px) 543px, 580px\" \/><\/a><\/p>\n<p>28.03.2024<\/p>\n<p>Save the Date <strong>Pumptrack Rennen 2024<\/strong> findet am <strong>28.06.2024<\/strong> statt.<\/p>\n<p><a href=\"http:\/\/www.bike.ski-radegund.at\/wp-content\/uploads\/2024\/04\/Ausschreibung-Pumptrackrennen-2024.pdf\">Hier findet ihr dir vorl\u00e4ufige Ausschreibung<\/a><\/p>\n<p>02.07 .2023<\/p>\n<p>NEWS <a href=\"http:\/\/www.bike.ski-radegund.at\/wp-content\/uploads\/2023\/07\/DOC-20230702-WA0002.pdf\">Ergebnisse<\/a> online<\/p>\n<p>29.06.2023<\/p>\n<p>Vorl\u00e4ufiger <a href=\"http:\/\/www.bike.ski-radegund.at\/wp-content\/uploads\/2023\/06\/Timetable-2023.pdf\" target=\"_blank\" rel=\"noopener\">Timetable<\/a> sowie <a href=\"http:\/\/www.bike.ski-radegund.at\/wp-content\/uploads\/2023\/06\/Startliste-Stand-280623.pdf\" target=\"_blank\" rel=\"noopener\">Startliste<\/a> online<\/p>\n<p>19.04.2023<\/p>\n<p><a href=\"http:\/\/www.bike.ski-radegund.at\/wp-content\/uploads\/2023\/06\/Ausschreibung-Pumptrackrennen-2023.pdf\" target=\"_blank\" rel=\"noopener\">Pumptrack Rennen zur Ausschreibung<br \/>\n<\/a><a href=\"http:\/\/www.bike.ski-radegund.at\/wp-content\/uploads\/2023\/04\/Pumptrack_2023.png\" target=\"_blank\" rel=\"noopener\"><img loading=\"lazy\" decoding=\"async\" class=\"aligncenter  wp-image-509\" src=\"http:\/\/www.bike.ski-radegund.at\/wp-content\/uploads\/2023\/04\/Pumptrack_2023.png\" alt=\"\" width=\"723\" height=\"1023\" \/><\/a><\/p>\n<p>01.03.2022<\/p>\n<p>Am 23. August 2021 wurde der neu errichtete Pump-Track er\u00f6ffnet:<\/p>\n<p>08.07.2020<\/p>\n<p>Die letzten 5 Tage waren wir mit dem Rennrad von Werfen bis St. Anton am Arlberg unterwegs.<br \/>\n\u00dcber den Dientner Sattel, den Gerlospass , die Silvretta-Hochalpenstra\u00dfe, den K\u00fchtaisattel und den Flexenpass &#8230;<\/p>\n<p>insgesamt haben wir 510km und 7500Hm<\/p>\n<p>#bikehoteltirol #bikeskiradegund #wedidit<\/p>\n<p>13.07.2017<\/p>\n<p>Im Juli \u00a0fahren wir eine 4-Tages-Tour in den Dolomiten.<\/p>\n<p>12.07.2017<\/p>\n<p>Im September\u00a0fahren wir von\u00a0Landeck bis an die Adria.<\/p>\n<p>Wir werden ca. 470 km und 8200 Hm zur\u00fcck legen.<\/p>\n<p>21. Juni.2017<\/p>\n<p><strong>Wir waren wieder einmal im Renneinsatz!<\/strong><\/p>\n<p>Rudi Nussbaumer erreichte beim Mountainbike Grand Prix in Obertraun den hervorragenden 3. Platz!<br \/>\nBeim super organisierten X-Bike by Borbet Austria in Maria Schmolln begleitete uns auch ein kleiner Fanclub.<\/p>\n<p><a href=\"http:\/\/www.sportzeitnehmung.at\/ergebnisse\/ergebnisse-2017\/120-10-juni-2017-2-x-bike-by-borbet-austria-in-maria-schmolln\" target=\"_blank\" rel=\"noopener noreferrer\">Ergebnisse &#8211; 2. X-BIKE by Borbet Austria<\/a><\/p>\n<p>13.06.2016<\/p>\n<p>Am Wochenende nahmen wir erfolgreich am super organisierten 2h MTB-Rennen in Maria Schmolln teil.<\/p>\n<p>Vielen Dank an unsere Fans die zugleich auch als Betreuer eingesprungen sind!<\/p>\n<p>Unser Rudi, der als 4ter knapp einen Podestplatz verpasste, wird uns ab Mittwoch bei der &#8222;Bike Four Peaks&#8220; vertreten. Wir w\u00fcnschen ihm 4 erfolgreiche Tage!<\/p>\n<p><a href=\"http:\/\/www.bike.ski-radegund.at\/wp-content\/uploads\/2016\/06\/wp-1465822853222.jpg\"><img decoding=\"async\" class=\"alignnone size-full\" title=\"wp-1465822853222\" src=\"http:\/\/www.bike.ski-radegund.at\/wp-content\/uploads\/2016\/06\/wp-1465822853222.jpg\" alt=\"image\" \/><\/a><\/p>\n<p class=\"bodytext\">Hier die Karte f\u00fcr unsere Transalp 2016 (Salzburg- Torbole)<\/p>\n<\/div>\n<div class=\"inhalt\">\n<div id=\"c47\" class=\"csc-default\">\n<div class=\"csc-textpic-text\">\n<p>Hier die Karte f\u00fcr unsere geplante Rennrad\u00a0Tour\u00a02016 ( St. Radegund &#8211; Grado )<\/p>\n<p><iframe loading=\"lazy\" style=\"line-height: 1.5;\" src=\"https:\/\/www.google.com\/maps\/d\/embed?mid=zZAABTUCGnfc.kiCw-no0r0V4\" width=\"640\" height=\"480\"><\/iframe><\/p>\n<\/div>\n<p>Hier ein Einblick\u00a0in\u00a0unser\u00a0Saisonhighlight von 2015.<\/p>\n<p><a style=\"line-height: 1.5;\" href=\"http:\/\/www.bike1.ski-radegund.at\/wp-content\/uploads\/2016\/01\/Matterhorn-891.jpg\" rel=\"attachment wp-att-416\"><img loading=\"lazy\" decoding=\"async\" class=\"aligncenter size-full wp-image-416\" src=\"http:\/\/www.bike1.ski-radegund.at\/wp-content\/uploads\/2016\/01\/Matterhorn-891.jpg\" alt=\"Matterhorn (891)\" width=\"1024\" height=\"768\" srcset=\"http:\/\/www.bike.ski-radegund.at\/wp-content\/uploads\/2016\/01\/Matterhorn-891.jpg 1024w, http:\/\/www.bike.ski-radegund.at\/wp-content\/uploads\/2016\/01\/Matterhorn-891-300x225.jpg 300w, http:\/\/www.bike.ski-radegund.at\/wp-content\/uploads\/2016\/01\/Matterhorn-891-768x576.jpg 768w, http:\/\/www.bike.ski-radegund.at\/wp-content\/uploads\/2016\/01\/Matterhorn-891-220x165.jpg 220w, http:\/\/www.bike.ski-radegund.at\/wp-content\/uploads\/2016\/01\/Matterhorn-891-187x140.jpg 187w, http:\/\/www.bike.ski-radegund.at\/wp-content\/uploads\/2016\/01\/Matterhorn-891-453x340.jpg 453w\" sizes=\"auto, (max-width: 767px) 89vw, (max-width: 1000px) 54vw, (max-width: 1071px) 543px, 580px\" \/><\/a><\/p>\n<\/div>\n<\/div>\n<div class=\"inhalt\">\n<div id=\"c47\" class=\"csc-default\">\n<div class=\"csc-textpic-text\">\n<p><iframe loading=\"lazy\" src=\"https:\/\/drive.google.com\/file\/d\/0B9P6C9VmnlVeN2xNNGVvbE5RcTQ\/preview\" width=\"500\" height=\"250\"><\/iframe><\/p>\n<\/div>\n<\/div>\n<\/div>\n<\/div>\n<\/div>\n","protected":false},"excerpt":{"rendered":"<p>Willkommen auf der Homepage von bike.ski-radegund.at 30.04.2026 vorl\u00e4ufige Anmeldeliste ist online 22.03.2026 zur Anmeldung Pump the Village 2026 13.03.2026 Ausschreibung Pump the Village 2026 ist online 06.05.2025 Ergebnisliste Pump the Village 2025 ist online 30.04.2025 vorl\u00e4ufige Startliste ist online 17.03.2025 Save the Date! Der Termin f\u00fcrs Pumptrackrennen 2025 ist jetzt fixiert. 02.07.2024 Ergebnisse Pump the &hellip; <\/p>\n<p class=\"link-more\"><a href=\"http:\/\/www.bike.ski-radegund.at\/\" class=\"more-link\"><span class=\"screen-reader-text\">\u201e\u201c <\/span>weiterlesen<\/a><\/p>\n","protected":false},"author":1,"featured_media":0,"parent":0,"menu_order":0,"comment_status":"closed","ping_status":"closed","template":"","meta":{"jetpack_post_was_ever_published":false,"footnotes":"","_links_to":"","_links_to_target":""},"class_list":["post-371","page","type-page","status-publish","hentry"],"jetpack_sharing_enabled":true,"jetpack_shortlink":"https:\/\/wp.me\/P74xPb-5Z","_links":{"self":[{"href":"http:\/\/www.bike.ski-radegund.at\/index.php?rest_route=\/wp\/v2\/pages\/371","targetHints":{"allow":["GET"]}}],"collection":[{"href":"http:\/\/www.bike.ski-radegund.at\/index.php?rest_route=\/wp\/v2\/pages"}],"about":[{"href":"http:\/\/www.bike.ski-radegund.at\/index.php?rest_route=\/wp\/v2\/types\/page"}],"author":[{"embeddable":true,"href":"http:\/\/www.bike.ski-radegund.at\/index.php?rest_route=\/wp\/v2\/users\/1"}],"replies":[{"embeddable":true,"href":"http:\/\/www.bike.ski-radegund.at\/index.php?rest_route=%2Fwp%2Fv2%2Fcomments&post=371"}],"version-history":[{"count":78,"href":"http:\/\/www.bike.ski-radegund.at\/index.php?rest_route=\/wp\/v2\/pages\/371\/revisions"}],"predecessor-version":[{"id":742,"href":"http:\/\/www.bike.ski-radegund.at\/index.php?rest_route=\/wp\/v2\/pages\/371\/revisions\/742"}],"wp:attachment":[{"href":"http:\/\/www.bike.ski-radegund.at\/index.php?rest_route=%2Fwp%2Fv2%2Fmedia&parent=371"}],"curies":[{"name":"wp","href":"https:\/\/api.w.org\/{rel}","templated":true}]}}

<div class="inhalt">
<div id="c7" class="csc-default">
<div class="csc-header csc-header-n1">
<h1 class="csc-firstHeader">Willkommen</h1>
</div>
</div>
</div>
<div class="inhalt">
<div id="c47" class="csc-default">
<div class="csc-textpic-text">
<p class="bodytext">auf der Homepage von <a href="http://bike.ski-radegund.at/" target="_blank" rel="noopener noreferrer">bike.ski-radegund.at</a></p>
<p>30.04.2026</p>
<p>vorläufige<a href="http://www.bike.ski-radegund.at/wp-content/uploads/2026/04/Anmeldung-Stand-30_04.pdf" target="_blank" rel="noopener"> Anmeldeliste</a> ist online</p>
</div>
<p>22.03.2026</p>
<p><a href="https://forms.gle/VdWdMYhvpyMQuevu9" target="_blank" rel="noopener">zur Anmeldung Pump the Village 2026</a></p>
<div class="csc-textpic-text">
<p>13.03.2026</p>
<p><a href="http://www.bike.ski-radegund.at/wp-content/uploads/2026/03/Ausschreibung-Pumptrackrennen-OOe-Meisterschaft-2026.pdf" target="_blank" rel="noopener">Ausschreibung Pump the Village 2026</a> ist online</p>
<p><a href="http://www.bike.ski-radegund.at/wp-content/uploads/2026/03/Flyer_2026.jpg"><img loading="lazy" decoding="async" class="alignnone size-medium wp-image-723" src="http://www.bike.ski-radegund.at/wp-content/uploads/2026/03/Flyer_2026-300x300.jpg" alt="" width="300" height="300" srcset="http://www.bike.ski-radegund.at/wp-content/uploads/2026/03/Flyer_2026-300x300.jpg 300w, http://www.bike.ski-radegund.at/wp-content/uploads/2026/03/Flyer_2026-1024x1024.jpg 1024w, http://www.bike.ski-radegund.at/wp-content/uploads/2026/03/Flyer_2026-150x150.jpg 150w, http://www.bike.ski-radegund.at/wp-content/uploads/2026/03/Flyer_2026-768x767.jpg 768w, http://www.bike.ski-radegund.at/wp-content/uploads/2026/03/Flyer_2026-100x100.jpg 100w, http://www.bike.ski-radegund.at/wp-content/uploads/2026/03/Flyer_2026.jpg 1080w" sizes="auto, (max-width: 300px) 100vw, 300px" /></a></p>
<p>06.05.2025</p>
<p><a href="http://www.bike.ski-radegund.at/wp-content/uploads/2025/05/Ergebnissliste-Pump-the-Village-2025.pdf" target="_blank" rel="noopener">Ergebnisliste Pump the Village 2025</a> ist online</p>
<p>30.04.2025</p>
<p><a href="http://www.bike.ski-radegund.at/wp-content/uploads/2025/04/Startliste-30.04.pdf" target="_blank" rel="noopener">vorläufige Startliste</a> ist online</p>
<p>17.03.2025</p>
<p>Save the Date! Der Termin fürs<a href="http://www.bike.ski-radegund.at/?page_id=664"> Pumptrackrennen 2025</a> ist jetzt fixiert.</p>
<p><a href="http://www.bike.ski-radegund.at/wp-content/uploads/2025/03/Pumptrack-2025.png"><img loading="lazy" decoding="async" class="aligncenter size-full wp-image-660" src="http://www.bike.ski-radegund.at/wp-content/uploads/2025/03/Pumptrack-2025.png" alt="" width="2480" height="3508" srcset="http://www.bike.ski-radegund.at/wp-content/uploads/2025/03/Pumptrack-2025.png 2480w, http://www.bike.ski-radegund.at/wp-content/uploads/2025/03/Pumptrack-2025-212x300.png 212w, http://www.bike.ski-radegund.at/wp-content/uploads/2025/03/Pumptrack-2025-724x1024.png 724w, http://www.bike.ski-radegund.at/wp-content/uploads/2025/03/Pumptrack-2025-768x1086.png 768w, http://www.bike.ski-radegund.at/wp-content/uploads/2025/03/Pumptrack-2025-1086x1536.png 1086w, http://www.bike.ski-radegund.at/wp-content/uploads/2025/03/Pumptrack-2025-1448x2048.png 1448w" sizes="auto, (max-width: 767px) 89vw, (max-width: 1000px) 54vw, (max-width: 1071px) 543px, 580px" /></a></p>
<p>02.07.2024</p>
<p>Ergebnisse Pump the Village 2024 sind jetzt online.</p>
<p><a href="http://www.bike.ski-radegund.at/?page_id=649">Ergebnisse 2024</a></p>
<p>25.06.2024</p>
<p>Vorbereitungen für das Pump the Village III laufen. Es sind bereits <strong>106 Starter</strong> gemeldet.</p>
<p><a href="http://www.bike.ski-radegund.at/wp-content/uploads/2024/06/Startliste-25062024.pdf">vorläufige Startliste</a></p>
<p>15.04.2024</p>
<p><a href="http://www.bike.ski-radegund.at/wp-content/uploads/2024/04/IMG-20240415-WA0005.jpg"><img loading="lazy" decoding="async" class="aligncenter size-full wp-image-616" src="http://www.bike.ski-radegund.at/wp-content/uploads/2024/04/IMG-20240415-WA0005.jpg" alt="" width="1131" height="1600" srcset="http://www.bike.ski-radegund.at/wp-content/uploads/2024/04/IMG-20240415-WA0005.jpg 1131w, http://www.bike.ski-radegund.at/wp-content/uploads/2024/04/IMG-20240415-WA0005-212x300.jpg 212w, http://www.bike.ski-radegund.at/wp-content/uploads/2024/04/IMG-20240415-WA0005-724x1024.jpg 724w, http://www.bike.ski-radegund.at/wp-content/uploads/2024/04/IMG-20240415-WA0005-768x1086.jpg 768w, http://www.bike.ski-radegund.at/wp-content/uploads/2024/04/IMG-20240415-WA0005-1086x1536.jpg 1086w" sizes="auto, (max-width: 767px) 89vw, (max-width: 1000px) 54vw, (max-width: 1071px) 543px, 580px" /></a></p>
<p>28.03.2024</p>
<p>Save the Date <strong>Pumptrack Rennen 2024</strong> findet am <strong>28.06.2024</strong> statt.</p>
<p><a href="http://www.bike.ski-radegund.at/wp-content/uploads/2024/04/Ausschreibung-Pumptrackrennen-2024.pdf">Hier findet ihr dir vorläufige Ausschreibung</a></p>
<p>02.07 .2023</p>
<p>NEWS <a href="http://www.bike.ski-radegund.at/wp-content/uploads/2023/07/DOC-20230702-WA0002.pdf">Ergebnisse</a> online</p>
<p>29.06.2023</p>
<p>Vorläufiger <a href="http://www.bike.ski-radegund.at/wp-content/uploads/2023/06/Timetable-2023.pdf" target="_blank" rel="noopener">Timetable</a> sowie <a href="http://www.bike.ski-radegund.at/wp-content/uploads/2023/06/Startliste-Stand-280623.pdf" target="_blank" rel="noopener">Startliste</a> online</p>
<p>19.04.2023</p>
<p><a href="http://www.bike.ski-radegund.at/wp-content/uploads/2023/06/Ausschreibung-Pumptrackrennen-2023.pdf" target="_blank" rel="noopener">Pumptrack Rennen zur Ausschreibung<br />
</a><a href="http://www.bike.ski-radegund.at/wp-content/uploads/2023/04/Pumptrack_2023.png" target="_blank" rel="noopener"><img loading="lazy" decoding="async" class="aligncenter  wp-image-509" src="http://www.bike.ski-radegund.at/wp-content/uploads/2023/04/Pumptrack_2023.png" alt="" width="723" height="1023" /></a></p>
<p>01.03.2022</p>
<p>Am 23. August 2021 wurde der neu errichtete Pump-Track eröffnet:</p>
<p>08.07.2020</p>
<p>Die letzten 5 Tage waren wir mit dem Rennrad von Werfen bis St. Anton am Arlberg unterwegs.<br />
Über den Dientner Sattel, den Gerlospass , die Silvretta-Hochalpenstraße, den Kühtaisattel und den Flexenpass &#8230;</p>
<p>insgesamt haben wir 510km und 7500Hm</p>
<p>#bikehoteltirol #bikeskiradegund #wedidit</p>
<p>13.07.2017</p>
<p>Im Juli  fahren wir eine 4-Tages-Tour in den Dolomiten.</p>
<p>12.07.2017</p>
<p>Im September fahren wir von Landeck bis an die Adria.</p>
<p>Wir werden ca. 470 km und 8200 Hm zurück legen.</p>
<p>21. Juni.2017</p>
<p><strong>Wir waren wieder einmal im Renneinsatz!</strong></p>
<p>Rudi Nussbaumer erreichte beim Mountainbike Grand Prix in Obertraun den hervorragenden 3. Platz!<br />
Beim super organisierten X-Bike by Borbet Austria in Maria Schmolln begleitete uns auch ein kleiner Fanclub.</p>
<p><a href="http://www.sportzeitnehmung.at/ergebnisse/ergebnisse-2017/120-10-juni-2017-2-x-bike-by-borbet-austria-in-maria-schmolln" target="_blank" rel="noopener noreferrer">Ergebnisse &#8211; 2. X-BIKE by Borbet Austria</a></p>
<p>13.06.2016</p>
<p>Am Wochenende nahmen wir erfolgreich am super organisierten 2h MTB-Rennen in Maria Schmolln teil.</p>
<p>Vielen Dank an unsere Fans die zugleich auch als Betreuer eingesprungen sind!</p>
<p>Unser Rudi, der als 4ter knapp einen Podestplatz verpasste, wird uns ab Mittwoch bei der &#8222;Bike Four Peaks&#8220; vertreten. Wir wünschen ihm 4 erfolgreiche Tage!</p>
<p><a href="http://www.bike.ski-radegund.at/wp-content/uploads/2016/06/wp-1465822853222.jpg"><img decoding="async" class="alignnone size-full" title="wp-1465822853222" src="http://www.bike.ski-radegund.at/wp-content/uploads/2016/06/wp-1465822853222.jpg" alt="image" /></a></p>
<p class="bodytext">Hier die Karte für unsere Transalp 2016 (Salzburg- Torbole)</p>
</div>
<div class="inhalt">
<div id="c47" class="csc-default">
<div class="csc-textpic-text">
<p>Hier die Karte für unsere geplante Rennrad Tour 2016 ( St. Radegund &#8211; Grado )</p>
<p><iframe loading="lazy" style="line-height: 1.5;" src="https://www.google.com/maps/d/embed?mid=zZAABTUCGnfc.kiCw-no0r0V4" width="640" height="480"></iframe></p>
</div>
<p>Hier ein Einblick in unser Saisonhighlight von 2015.</p>
<p><a style="line-height: 1.5;" href="http://www.bike1.ski-radegund.at/wp-content/uploads/2016/01/Matterhorn-891.jpg" rel="attachment wp-att-416"><img loading="lazy" decoding="async" class="aligncenter size-full wp-image-416" src="http://www.bike1.ski-radegund.at/wp-content/uploads/2016/01/Matterhorn-891.jpg" alt="Matterhorn (891)" width="1024" height="768" srcset="http://www.bike.ski-radegund.at/wp-content/uploads/2016/01/Matterhorn-891.jpg 1024w, http://www.bike.ski-radegund.at/wp-content/uploads/2016/01/Matterhorn-891-300x225.jpg 300w, http://www.bike.ski-radegund.at/wp-content/uploads/2016/01/Matterhorn-891-768x576.jpg 768w, http://www.bike.ski-radegund.at/wp-content/uploads/2016/01/Matterhorn-891-220x165.jpg 220w, http://www.bike.ski-radegund.at/wp-content/uploads/2016/01/Matterhorn-891-187x140.jpg 187w, http://www.bike.ski-radegund.at/wp-content/uploads/2016/01/Matterhorn-891-453x340.jpg 453w" sizes="auto, (max-width: 767px) 89vw, (max-width: 1000px) 54vw, (max-width: 1071px) 543px, 580px" /></a></p>
</div>
</div>
<div class="inhalt">
<div id="c47" class="csc-default">
<div class="csc-textpic-text">
<p><iframe loading="lazy" src="https://drive.google.com/file/d/0B9P6C9VmnlVeN2xNNGVvbE5RcTQ/preview" width="500" height="250"></iframe></p>
</div>
</div>
</div>
</div>
</div>

<p>Willkommen auf der Homepage von bike.ski-radegund.at 30.04.2026 vorläufige Anmeldeliste ist online 22.03.2026 zur Anmeldung Pump the Village 2026 13.03.2026 Ausschreibung Pump the Village 2026 ist online 06.05.2025 Ergebnisliste Pump the Village 2025 ist online 30.04.2025 vorläufige Startliste ist online 17.03.2025 Save the Date! Der Termin fürs Pumptrackrennen 2025 ist jetzt fixiert. 02.07.2024 Ergebnisse Pump the &hellip; </p>
<p class="link-more"><a href="http://www.bike.ski-radegund.at/" class="more-link"><span class="screen-reader-text">„“ </span>weiterlesen</a></p>
