{"id":396,"date":"2015-12-23T13:38:06","date_gmt":"2015-12-23T11:38:06","guid":{"rendered":"http:\/\/www.tischlerwirt.ski-radegund.at\/?page_id=396"},"modified":"2016-02-01T09:06:32","modified_gmt":"2016-02-01T07:06:32","slug":"touren","status":"publish","type":"page","link":"http:\/\/www.bike.ski-radegund.at\/?page_id=396","title":{"rendered":"Touren"},"content":{"rendered":"<p>Hier die Karte f\u00fcr unsere geplante Rennrad\u00a0Tour\u00a02016 ( Landeck &#8211; Jesolo )<\/p>\n<p><iframe loading=\"lazy\" style=\"line-height: 1.5;\" src=\"https:\/\/www.google.com\/maps\/d\/embed?mid=zZAABTUCGnfc.kiCw-no0r0V4\" width=\"640\" height=\"480\"><\/iframe><\/p>\n<p>&nbsp;<\/p>\n<p>&nbsp;<\/p>\n<p>Hier die Karte von unserer Matterhorn Umrundung (29.07 &#8211; 06.08.2015)<\/p>\n<p><iframe loading=\"lazy\" src=\"https:\/\/www.google.com\/maps\/d\/u\/0\/embed?mid=zwqLDudpMhMA.k8c9R_hUAGss\" width=\"640\" height=\"480\"><\/iframe><\/p>\n<p>&nbsp;<\/p>\n<p>&nbsp;<\/p>\n<p>Hier die Karte von\u00a0unserer Pyren\u00e4en Tour (18.09 &#8211; 28.09.2014)<\/p>\n<p><iframe loading=\"lazy\" src=\"https:\/\/maps.google.com\/maps\/ms?ie=UTF8&amp;msa=0&amp;msid=216835696607057267030.0004faf0fa76a916d0a68&amp;t=p&amp;ll=42.799431,0.576782&amp;spn=1.410682,2.334595&amp;z=8&amp;output=embed\" width=\"425\" height=\"350\" frameborder=\"0\" marginwidth=\"0\" marginheight=\"0\" scrolling=\"no\"><\/iframe><br \/>\n<small><a style=\"color: #0000ff; text-align: left;\" href=\"https:\/\/maps.google.com\/maps\/ms?ie=UTF8&amp;msa=0&amp;msid=216835696607057267030.0004faf0fa76a916d0a68&amp;t=p&amp;ll=42.799431,0.576782&amp;spn=1.410682,2.334595&amp;z=8&amp;source=embed\">Pyren\u00e4en gesamt<\/a> auf einer gr\u00f6\u00dferen Karte anzeigen<\/small><\/p>\n<p>&nbsp;<\/p>\n<p>&nbsp;<\/p>\n<p>01. &#8211; 08. Juli 2013 Alpen-X<\/p>\n<p><iframe loading=\"lazy\" src=\"https:\/\/maps.google.com\/maps\/ms?ie=UTF8&amp;msa=0&amp;msid=216835696607057267030.0004db6f0acb8f2c54030&amp;t=p&amp;ll=46.596619,13.447266&amp;spn=1.321085,2.334595&amp;z=8&amp;output=embed\" width=\"425\" height=\"350\" frameborder=\"0\" marginwidth=\"0\" marginheight=\"0\" scrolling=\"no\"><\/iframe><br \/>\n<small><a style=\"color: #0000ff; text-align: left;\" href=\"https:\/\/maps.google.com\/maps\/ms?ie=UTF8&amp;msa=0&amp;msid=216835696607057267030.0004db6f0acb8f2c54030&amp;t=p&amp;ll=46.596619,13.447266&amp;spn=1.321085,2.334595&amp;z=8&amp;source=embed\">Alpen X<\/a> auf einer gr\u00f6\u00dferen Karte anzeigen<\/small><\/p>\n<p>&nbsp;<\/p>\n<p>&nbsp;<\/p>\n<p>15. &#8211; 21. August 2012 <small>MONT BLANC Umrundung<\/small><\/p>\n<p><iframe loading=\"lazy\" src=\"https:\/\/maps.google.at\/maps\/ms?ie=UTF8&amp;hl=de&amp;oe=UTF8&amp;gl=at&amp;msa=0&amp;msid=210624959632328298032.0004c3deefad0a5cf628a&amp;start=4&amp;num=200&amp;t=p&amp;ll=45.830713,6.841736&amp;spn=0.669818,1.167297&amp;z=9&amp;output=embed\" width=\"425\" height=\"350\" frameborder=\"0\" marginwidth=\"0\" marginheight=\"0\" scrolling=\"no\"><\/iframe><\/p>\n<p><small><a style=\"color: #0000ff; text-align: left;\" href=\"https:\/\/maps.google.at\/maps\/ms?ie=UTF8&amp;hl=de&amp;oe=UTF8&amp;gl=at&amp;msa=0&amp;msid=210624959632328298032.0004c3deefad0a5cf628a&amp;start=4&amp;num=200&amp;t=p&amp;ll=45.830713,6.841736&amp;spn=0.669818,1.167297&amp;z=9&amp;source=embed\">Mont Blanc Umrundung<\/a> auf einer gr\u00f6\u00dferen Karte anzeigen<\/small><\/p>\n<p>&nbsp;<\/p>\n<p>&nbsp;<\/p>\n<p>11. &#8211; 23. September 2011 Kreta Cross<\/p>\n<p><iframe loading=\"lazy\" src=\"https:\/\/maps.google.at\/maps\/ms?msid=210624959632328298032.0004c63966f6244d68294&amp;msa=0&amp;ie=UTF8&amp;t=p&amp;ll=35.245619,24.6698&amp;spn=1.570141,2.334595&amp;z=8&amp;output=embed\" width=\"425\" height=\"350\" frameborder=\"0\" marginwidth=\"0\" marginheight=\"0\" scrolling=\"no\"><\/iframe><\/p>\n<p><small><a style=\"color: #0000ff; text-align: left;\" href=\"https:\/\/maps.google.at\/maps\/ms?msid=210624959632328298032.0004c63966f6244d68294&amp;msa=0&amp;ie=UTF8&amp;t=p&amp;ll=35.245619,24.6698&amp;spn=1.570141,2.334595&amp;z=8&amp;source=embed\">Kreta Cross 2011<\/a> auf einer gr\u00f6\u00dferen Karte anzeigen<\/small><\/p>\n<p>&nbsp;<\/p>\n<p>&nbsp;<\/p>\n<p>19. &#8211; 26. Juli 2010 Alpencross<\/p>\n<p><iframe loading=\"lazy\" src=\"https:\/\/maps.google.at\/maps\/ms?ie=UTF8&amp;hl=de&amp;oe=UTF8&amp;msa=0&amp;msid=210624959632328298032.0004a0a8fe80d48bb743f&amp;start=0&amp;num=200&amp;t=p&amp;ll=47.100045,11.348877&amp;spn=2.617552,4.669189&amp;z=7&amp;output=embed\" width=\"425\" height=\"350\" frameborder=\"0\" marginwidth=\"0\" marginheight=\"0\" scrolling=\"no\"><\/iframe><br \/>\n<small><a style=\"color: #0000ff; text-align: left;\" href=\"https:\/\/maps.google.at\/maps\/ms?ie=UTF8&amp;hl=de&amp;oe=UTF8&amp;msa=0&amp;msid=210624959632328298032.0004a0a8fe80d48bb743f&amp;start=0&amp;num=200&amp;t=p&amp;ll=47.100045,11.348877&amp;spn=2.617552,4.669189&amp;z=7&amp;source=embed\">Alpen\u00fcberquerung 2010<\/a> auf einer gr\u00f6\u00dferen Karte anzeigen<\/small><\/p>\n<p>&nbsp;<\/p>\n","protected":false},"excerpt":{"rendered":"<p>Hier die Karte f\u00fcr unsere geplante Rennrad\u00a0Tour\u00a02016 ( Landeck &#8211; Jesolo ) &nbsp; &nbsp; Hier die Karte von unserer Matterhorn Umrundung (29.07 &#8211; 06.08.2015) &nbsp; &nbsp; Hier die Karte von\u00a0unserer Pyren\u00e4en Tour (18.09 &#8211; 28.09.2014) Pyren\u00e4en gesamt auf einer gr\u00f6\u00dferen Karte anzeigen &nbsp; &nbsp; 01. &#8211; 08. Juli 2013 Alpen-X Alpen X auf einer gr\u00f6\u00dferen &hellip; <\/p>\n<p class=\"link-more\"><a href=\"http:\/\/www.bike.ski-radegund.at\/?page_id=396\" class=\"more-link\"><span class=\"screen-reader-text\">\u201eTouren\u201c <\/span>weiterlesen<\/a><\/p>\n","protected":false},"author":1,"featured_media":0,"parent":0,"menu_order":0,"comment_status":"closed","ping_status":"closed","template":"","meta":{"jetpack_post_was_ever_published":false,"footnotes":"","_links_to":"","_links_to_target":""},"class_list":["post-396","page","type-page","status-publish","hentry"],"jetpack_sharing_enabled":true,"jetpack_shortlink":"https:\/\/wp.me\/P74xPb-6o","_links":{"self":[{"href":"http:\/\/www.bike.ski-radegund.at\/index.php?rest_route=\/wp\/v2\/pages\/396","targetHints":{"allow":["GET"]}}],"collection":[{"href":"http:\/\/www.bike.ski-radegund.at\/index.php?rest_route=\/wp\/v2\/pages"}],"about":[{"href":"http:\/\/www.bike.ski-radegund.at\/index.php?rest_route=\/wp\/v2\/types\/page"}],"author":[{"embeddable":true,"href":"http:\/\/www.bike.ski-radegund.at\/index.php?rest_route=\/wp\/v2\/users\/1"}],"replies":[{"embeddable":true,"href":"http:\/\/www.bike.ski-radegund.at\/index.php?rest_route=%2Fwp%2Fv2%2Fcomments&post=396"}],"version-history":[{"count":9,"href":"http:\/\/www.bike.ski-radegund.at\/index.php?rest_route=\/wp\/v2\/pages\/396\/revisions"}],"predecessor-version":[{"id":436,"href":"http:\/\/www.bike.ski-radegund.at\/index.php?rest_route=\/wp\/v2\/pages\/396\/revisions\/436"}],"wp:attachment":[{"href":"http:\/\/www.bike.ski-radegund.at\/index.php?rest_route=%2Fwp%2Fv2%2Fmedia&parent=396"}],"curies":[{"name":"wp","href":"https:\/\/api.w.org\/{rel}","templated":true}]}}

<p>Hier die Karte für unsere geplante Rennrad Tour 2016 ( Landeck &#8211; Jesolo )</p>
<p><iframe loading="lazy" style="line-height: 1.5;" src="https://www.google.com/maps/d/embed?mid=zZAABTUCGnfc.kiCw-no0r0V4" width="640" height="480"></iframe></p>
<p>&nbsp;</p>
<p>&nbsp;</p>
<p>Hier die Karte von unserer Matterhorn Umrundung (29.07 &#8211; 06.08.2015)</p>
<p><iframe loading="lazy" src="https://www.google.com/maps/d/u/0/embed?mid=zwqLDudpMhMA.k8c9R_hUAGss" width="640" height="480"></iframe></p>
<p>&nbsp;</p>
<p>&nbsp;</p>
<p>Hier die Karte von unserer Pyrenäen Tour (18.09 &#8211; 28.09.2014)</p>
<p><iframe loading="lazy" src="https://maps.google.com/maps/ms?ie=UTF8&amp;msa=0&amp;msid=216835696607057267030.0004faf0fa76a916d0a68&amp;t=p&amp;ll=42.799431,0.576782&amp;spn=1.410682,2.334595&amp;z=8&amp;output=embed" width="425" height="350" frameborder="0" marginwidth="0" marginheight="0" scrolling="no"></iframe><br />
<small><a style="color: #0000ff; text-align: left;" href="https://maps.google.com/maps/ms?ie=UTF8&amp;msa=0&amp;msid=216835696607057267030.0004faf0fa76a916d0a68&amp;t=p&amp;ll=42.799431,0.576782&amp;spn=1.410682,2.334595&amp;z=8&amp;source=embed">Pyrenäen gesamt</a> auf einer größeren Karte anzeigen</small></p>
<p>&nbsp;</p>
<p>&nbsp;</p>
<p>01. &#8211; 08. Juli 2013 Alpen-X</p>
<p><iframe loading="lazy" src="https://maps.google.com/maps/ms?ie=UTF8&amp;msa=0&amp;msid=216835696607057267030.0004db6f0acb8f2c54030&amp;t=p&amp;ll=46.596619,13.447266&amp;spn=1.321085,2.334595&amp;z=8&amp;output=embed" width="425" height="350" frameborder="0" marginwidth="0" marginheight="0" scrolling="no"></iframe><br />
<small><a style="color: #0000ff; text-align: left;" href="https://maps.google.com/maps/ms?ie=UTF8&amp;msa=0&amp;msid=216835696607057267030.0004db6f0acb8f2c54030&amp;t=p&amp;ll=46.596619,13.447266&amp;spn=1.321085,2.334595&amp;z=8&amp;source=embed">Alpen X</a> auf einer größeren Karte anzeigen</small></p>
<p>&nbsp;</p>
<p>&nbsp;</p>
<p>15. &#8211; 21. August 2012 <small>MONT BLANC Umrundung</small></p>
<p><iframe loading="lazy" src="https://maps.google.at/maps/ms?ie=UTF8&amp;hl=de&amp;oe=UTF8&amp;gl=at&amp;msa=0&amp;msid=210624959632328298032.0004c3deefad0a5cf628a&amp;start=4&amp;num=200&amp;t=p&amp;ll=45.830713,6.841736&amp;spn=0.669818,1.167297&amp;z=9&amp;output=embed" width="425" height="350" frameborder="0" marginwidth="0" marginheight="0" scrolling="no"></iframe></p>
<p><small><a style="color: #0000ff; text-align: left;" href="https://maps.google.at/maps/ms?ie=UTF8&amp;hl=de&amp;oe=UTF8&amp;gl=at&amp;msa=0&amp;msid=210624959632328298032.0004c3deefad0a5cf628a&amp;start=4&amp;num=200&amp;t=p&amp;ll=45.830713,6.841736&amp;spn=0.669818,1.167297&amp;z=9&amp;source=embed">Mont Blanc Umrundung</a> auf einer größeren Karte anzeigen</small></p>
<p>&nbsp;</p>
<p>&nbsp;</p>
<p>11. &#8211; 23. September 2011 Kreta Cross</p>
<p><iframe loading="lazy" src="https://maps.google.at/maps/ms?msid=210624959632328298032.0004c63966f6244d68294&amp;msa=0&amp;ie=UTF8&amp;t=p&amp;ll=35.245619,24.6698&amp;spn=1.570141,2.334595&amp;z=8&amp;output=embed" width="425" height="350" frameborder="0" marginwidth="0" marginheight="0" scrolling="no"></iframe></p>
<p><small><a style="color: #0000ff; text-align: left;" href="https://maps.google.at/maps/ms?msid=210624959632328298032.0004c63966f6244d68294&amp;msa=0&amp;ie=UTF8&amp;t=p&amp;ll=35.245619,24.6698&amp;spn=1.570141,2.334595&amp;z=8&amp;source=embed">Kreta Cross 2011</a> auf einer größeren Karte anzeigen</small></p>
<p>&nbsp;</p>
<p>&nbsp;</p>
<p>19. &#8211; 26. Juli 2010 Alpencross</p>
<p><iframe loading="lazy" src="https://maps.google.at/maps/ms?ie=UTF8&amp;hl=de&amp;oe=UTF8&amp;msa=0&amp;msid=210624959632328298032.0004a0a8fe80d48bb743f&amp;start=0&amp;num=200&amp;t=p&amp;ll=47.100045,11.348877&amp;spn=2.617552,4.669189&amp;z=7&amp;output=embed" width="425" height="350" frameborder="0" marginwidth="0" marginheight="0" scrolling="no"></iframe><br />
<small><a style="color: #0000ff; text-align: left;" href="https://maps.google.at/maps/ms?ie=UTF8&amp;hl=de&amp;oe=UTF8&amp;msa=0&amp;msid=210624959632328298032.0004a0a8fe80d48bb743f&amp;start=0&amp;num=200&amp;t=p&amp;ll=47.100045,11.348877&amp;spn=2.617552,4.669189&amp;z=7&amp;source=embed">Alpenüberquerung 2010</a> auf einer größeren Karte anzeigen</small></p>
<p>&nbsp;</p>

<p>Hier die Karte für unsere geplante Rennrad Tour 2016 ( Landeck &#8211; Jesolo ) &nbsp; &nbsp; Hier die Karte von unserer Matterhorn Umrundung (29.07 &#8211; 06.08.2015) &nbsp; &nbsp; Hier die Karte von unserer Pyrenäen Tour (18.09 &#8211; 28.09.2014) Pyrenäen gesamt auf einer größeren Karte anzeigen &nbsp; &nbsp; 01. &#8211; 08. Juli 2013 Alpen-X Alpen X auf einer größeren &hellip; </p>
<p class="link-more"><a href="http://www.bike.ski-radegund.at/?page_id=396" class="more-link"><span class="screen-reader-text">„Touren“ </span>weiterlesen</a></p>
